 the units digit of 436628?
8
What is the ten thousands digit of 2232689?
3
What is the ten thousands digit of 190106?
9
What is the thousands digit of 251295?
1
What is the thousands digit of 103792?
3
What is the thousands digit of 2204483?
4
What is the units digit of 3171072?
2
What is the units digit of 13110725?
5
What is the thousands digit of 446876?
6
What is the tens digit of 597141?
4
What is the hundred thousands digit of 22133609?
1
What is the thousands digit of 292546?
2
What is the hundred thousands digit of 527626?
5
What is the tens digit of 5957633?
3
What is the hundred thousands digit of 185983?
1
What is the thousands digit of 1732618?
2
What is the thousands digit of 1656512?
6
What is the units digit of 152526?
6
What is the thousands digit of 18243546?
3
What is the ten millions digit of 13999715?
1
What is the units digit of 1669011?
1
What is the thousands digit of 661444?
1
What is the units digit of 118510?
0
What is the hundreds digit of 175118?
1
What is the ten thousands digit of 6281352?
8
What is the ten millions digit of 10012400?
1
What is the ten thousands digit of 430842?
3
What is the tens digit of 860121?
2
What is the thousands digit of 3619771?
9
What is the tens digit of 6283035?
3
What is the thousands digit of 157700?
7
What is the tens digit of 14923077?
7
What is the hundreds digit of 54131?
1
What is the ten thousands digit of 7531646?
3
What is the units digit of 1141254?
4
What is the units digit of 8699120?
0
What is the units digit of 91975?
5
What is the millions digit of 8245545?
8
What is the tens digit of 2874885?
8
What is the hundreds digit of 1048515?
5
What is the units digit of 240506?
6
What is the hundred thousands digit of 6935930?
9
What is the thousands digit of 752659?
2
What is the hundreds digit of 61883?
8
What is the hundred thousands digit of 399606?
3
What is the tens digit of 2025861?
6
What is the thousands digit of 5422802?
2
What is the thousands digit of 5251569?
1
What is the ten thousands digit of 8838941?
3
What is the tens digit of 23688?
8
What is the hundreds digit of 5972288?
2
What is the ten thousands digit of 319684?
1
What is the millions digit of 10954525?
0
What is the thousands digit of 2607020?
7
What is the thousands digit of 24746?
4
What is the hundreds digit of 1905048?
0
What is the hundreds digit of 2315218?
2
What is the hundred thousands digit of 325320?
3
What is the tens digit of 70397?
9
What is the thousands digit of 389945?
9
What is the ten thousands digit of 6541550?
4
What is the units digit of 269479?
9
What is the hundreds digit of 116646?
6
What is the units digit of 32977469?
9
What is the ten thousands digit of 130470?
3
What is the tens digit of 1109625?
2
What is the ten millions digit of 31592158?
3
What is the units digit of 386949?
9
What is the thousands digit of 87610?
7
What is the hundred thousands digit of 1696325?
6
What is the thousands digit of 5730586?
0
What is the tens digit of 243007?
0
What is the millions digit of 4902560?
4
What is the thousands digit of 2226221?
6
What is the thousands digit of 659817?
9
What is the hundreds digit of 32115?
1
What is the units digit of 265268?
8
What is the units digit of 5498715?
5
What is the tens digit of 652532?
3
What is the tens digit of 18141803?
0
What is the thousands digit of 9724560?
4
What is the ten thousands digit of 1538093?
3
What is the units digit of 1992552?
2
What is the hundreds digit of 27380036?
0
What is the thousands digit of 244992?
4
What is the units digit of 5301295?
5
What is the hundred thousands digit of 1154997?
1
What is the tens digit of 37481?
8
What is the hundred thousands digit of 1924855?
9
What is the hundred thousands digit of 853394?
8
What is the hundreds digit of 126167?
1
What is the units digit of 43447387?
7
What is the thousands digit of 132316?
2
What is the hundreds digit of 150933?
9
What is the tens digit of 135209?
0
What is the hundreds digit of 639247?
2
What is the millions digit of 6188586?
6
What is the millions digit of 1394596?
1
What is the units digit of 264269?
9
What is the tens digit of 60788?
8
What is the tens digit of 688099?
9
What is the units digit of 9263679?
9
What is the thousands digit of 503465?
3
What is the millions digit of 1065071?
1
What is the millions digit of 1439821?
1
What is the ten thousands digit of 761785?
6
What is the hundred thousands digit of 1875212?
8
What is the ten millions digit of 16148517?
1
What is the units digit of 1093738?
8
What is the tens digit of 284568?
6
What is the units digit of 668112?
2
What is the tens digit of 8480589?
8
What is the thousands digit of 563806?
3
What is the hundreds digit of 1439867?
8
What is the tens digit of 5237583?
8
What is the hundreds digit of 74832?
8
What is the ten thousands digit of 708218?
0
What is the tens digit of 918066?
6
What is the ten thousands digit of 649818?
4
What is the units digit of 441941?
1
What is the hundreds digit of 1711103?
1
What is the hundreds digit of 11196140?
1
What is the ten thousands digit of 324338?
2
What is the ten thousands digit of 306216?
0
What is the hundred thousands digit of 3839299?
8
What is the tens digit of 161682?
8
What is the thousands digit of 11194133?
4
What is the ten millions digit of 25385343?
2
What is the units digit of 2660455?
5
What is the hundreds digit of 14611136?
1
What is the units digit of 16024571?
1
What is the ten thousands digit of 1233004?
3
What is the hundred thousands digit of 397847?
3
What is the hundred thousands digit of 113869?
1
What is the ten thousands digit of 753413?
5
What is the hundred thousands digit of 3603767?
6
What is the hundreds digit of 1166458?
4
What is the hundreds digit of 490033?
0
What is the hundreds digit of 73797?
7
What is the units digit of 279552?
2
What is the hundred thousands digit of 697690?
6
What is the millions digit of 24836387?
4
What is the hundreds digit of 432533?
5
What is the units digit of 115825?
5
What is the hundred thousands digit of 489081?
4
What is the hundred thousands digit of 254517?
2
What is the tens digit of 7297359?
5
What is the units digit of 610417?
7
What is the ten thousands digit of 3585317?
8
What is the ten thousands digit of 1729309?
2
What is the hundreds digit of 202161?
1
What is the ten thousands digit of 615129?
1
What is the units digit of 816953?
3
What is the thousands digit of 1477759?
7
What is the ten thousands digit of 14149478?
4
What is the hundreds digit of 419029?
0
What is the units digit of 26476081?
1
What is the millions digit of 3760187?
3
What is the ten thousands digit of 2739001?
3
What is the hundred thousands digit of 515930?
5
What is the millions digit of 2838940?
2
What is the thousands digit of 1043585?
3
What is the thousands digit of 8618907?
8
What is the thousands digit of 798632?
8
What is the tens digit of 1358417?
1
What is the units digit of 58440?
0
What is the ten thousands digit of 20717?
2
What is the units digit of 9495611?
1
What is the tens digit of 138064?
6
What is the units digit of 3071067?
7
What is the millions digit of 1467154?
1
What is the units digit of 15129259?
9
What is the ten thousands digit of 2295677?
9
What is the hundred thousands digit of 110583?
1
What is the thousands digit of 23186241?
6
What is the ten thousands digit of 23332021?
3
What is the hundreds digit of 19324619?
6
What is the hundred thousands digit of 945827?
9
What is the tens digit of 1247956?
5
What is the ten thousands digit of 11931448?
3
What is the millions digit of 4765865?
4
What is the units digit of 291213?
3
What is the ten thousands digit of 501016?
0
What is the ten thousands digit of 2327968?
2
What is the thousands digit of 18996265?
6
What is the hundreds digit of 429066?
0
What is the thousands digit of 1785258?
5
What is the tens digit of 10699926?
2
What is the tens digit of 5940647?
4
What is the thousands digit of 159488?
9
What is the ten thousands digit of 33540247?
4
What is the hundreds digit of 9211056?
0
What is the thousands digit of 3172306?
2
What is the hundred thousands digit of 3036757?
0
What is the hundred thousands digit of 2918841?
9
What is the ten thousands digit of 3906441?
0
What is the units digit of 393578?
8
What i